{"id":1566,"date":"2015-02-04T07:03:57","date_gmt":"2015-02-04T07:03:57","guid":{"rendered":"http:\/\/folegandros-villas.com\/?page_id=1566"},"modified":"2015-02-04T07:06:10","modified_gmt":"2015-02-04T07:06:10","slug":"bienvenidos","status":"publish","type":"page","link":"https:\/\/folegandros-villas.com\/fullscreen\/home\/es\/bienvenidos\/","title":{"rendered":"BIENVENIDOS"},"content":{"rendered":"<p><strong>Conserje<\/strong><br \/>\nEn una localidad maravillosa, el lugar del bienvenido no podr\u00eda ser algo diferenteque un espacio que crea la sensaci\u00f3n de estar sobre la cubierta de un crucero.Al su llegar el personal de conserje se espera con un refresco o un caf\u00e9. Conconsejos para ayudarle planear sus d\u00edas en la isla Folegandros, siemprepregunda \u201cque podemos hacer para usted\u201d.<\/p>\n<p><strong>Conserje de Folegandros Villas, consejos<\/strong><br \/>\nSomos a su disposici\u00f3n para ofrecerle consejos para ayudarle planear y organizar su viaje. Para hacer su estancia una experiencia suave y agradable.<\/p>\n","protected":false},"excerpt":{"rendered":"<p>Conserje En una localidad maravillosa, el lugar del bienvenido no podr\u00eda ser algo diferenteque un espacio que crea la sensaci\u00f3n de estar sobre la cubierta de un crucero.Al su llegar el personal de conserje se espera con un refresco o un caf\u00e9. Conconsejos para ayudarle planear sus d\u00edas en la isla Folegandros, siemprepregunda \u201cque podemos hacer para usted\u201d. Conserje de Folegandros Villas, consejos Somos a su disposici\u00f3n para ofrecerle consejos para ayudarle planear y organizar su viaje. Para hacer su [&hellip;]<\/p>\n","protected":false},"author":1,"featured_media":0,"parent":0,"menu_order":0,"comment_status":"open","ping_status":"open","template":"","meta":{"footnotes":""},"class_list":["post-1566","page","type-page","status-publish","hentry"],"yoast_head":"<!-- This site is optimized with the Yoast SEO plugin v27.4 - https:\/\/yoast.com\/product\/yoast-seo-wordpress\/ -->\n<title>BIENVENIDOS - Folegandros Villas - Cyclades Greece - Luxurious Beachfront Villas - Residences<\/title>\n<meta name=\"robots\" content=\"index, follow, max-snippet:-1, max-image-preview:large, max-video-preview:-1\" \/>\n<link rel=\"canonical\" href=\"https:\/\/folegandros-villas.com\/fullscreen\/home\/es\/bienvenidos\/\" \/>\n<meta property=\"og:locale\" content=\"en_US\" \/>\n<meta property=\"og:type\" content=\"article\" \/>\n<meta property=\"og:title\" content=\"BIENVENIDOS - Folegandros Villas - Cyclades Greece - Luxurious Beachfront Villas - Residences\" \/>\n<meta property=\"og:description\" content=\"Conserje En una localidad maravillosa, el lugar del bienvenido no podr\u00eda ser algo diferenteque un espacio que crea la sensaci\u00f3n de estar sobre la cubierta de un crucero.Al su llegar el personal de conserje se espera con un refresco o un caf\u00e9. Conconsejos para ayudarle planear sus d\u00edas en la isla Folegandros, siemprepregunda \u201cque podemos hacer para usted\u201d. Conserje de Folegandros Villas, consejos Somos a su disposici\u00f3n para ofrecerle consejos para ayudarle planear y organizar su viaje. Para hacer su [&hellip;]\" \/>\n<meta property=\"og:url\" content=\"https:\/\/folegandros-villas.com\/fullscreen\/home\/es\/bienvenidos\/\" \/>\n<meta property=\"og:site_name\" content=\"Folegandros Villas - Cyclades Greece - Luxurious Beachfront Villas - Residences\" \/>\n<meta property=\"article:modified_time\" content=\"2015-02-04T07:06:10+00:00\" \/>\n<script type=\"application\/ld+json\" class=\"yoast-schema-graph\">{\"@context\":\"https:\\\/\\\/schema.org\",\"@graph\":[{\"@type\":\"WebPage\",\"@id\":\"https:\\\/\\\/folegandros-villas.com\\\/fullscreen\\\/home\\\/es\\\/bienvenidos\\\/\",\"url\":\"https:\\\/\\\/folegandros-villas.com\\\/fullscreen\\\/home\\\/es\\\/bienvenidos\\\/\",\"name\":\"BIENVENIDOS - Folegandros Villas - Cyclades Greece - Luxurious Beachfront Villas - Residences\",\"isPartOf\":{\"@id\":\"https:\\\/\\\/folegandros-villas.com\\\/fullscreen\\\/home\\\/#website\"},\"datePublished\":\"2015-02-04T07:03:57+00:00\",\"dateModified\":\"2015-02-04T07:06:10+00:00\",\"breadcrumb\":{\"@id\":\"https:\\\/\\\/folegandros-villas.com\\\/fullscreen\\\/home\\\/es\\\/bienvenidos\\\/#breadcrumb\"},\"inLanguage\":\"en-US\",\"potentialAction\":[{\"@type\":\"ReadAction\",\"target\":[\"https:\\\/\\\/folegandros-villas.com\\\/fullscreen\\\/home\\\/es\\\/bienvenidos\\\/\"]}]},{\"@type\":\"BreadcrumbList\",\"@id\":\"https:\\\/\\\/folegandros-villas.com\\\/fullscreen\\\/home\\\/es\\\/bienvenidos\\\/#breadcrumb\",\"itemListElement\":[{\"@type\":\"ListItem\",\"position\":1,\"name\":\"Home\",\"item\":\"https:\\\/\\\/folegandros-villas.com\\\/fullscreen\\\/home\\\/el\\\/homepage\\\/\"},{\"@type\":\"ListItem\",\"position\":2,\"name\":\"BIENVENIDOS\"}]},{\"@type\":\"WebSite\",\"@id\":\"https:\\\/\\\/folegandros-villas.com\\\/fullscreen\\\/home\\\/#website\",\"url\":\"https:\\\/\\\/folegandros-villas.com\\\/fullscreen\\\/home\\\/\",\"name\":\"Folegandros Villas - Cyclades Greece - Luxurious Beachfront Villas - Residences\",\"description\":\"Folegandros Villas - Cyclades Greece - Luxurious Beachfront Villas - Residences\",\"potentialAction\":[{\"@type\":\"SearchAction\",\"target\":{\"@type\":\"EntryPoint\",\"urlTemplate\":\"https:\\\/\\\/folegandros-villas.com\\\/fullscreen\\\/home\\\/?s={search_term_string}\"},\"query-input\":{\"@type\":\"PropertyValueSpecification\",\"valueRequired\":true,\"valueName\":\"search_term_string\"}}],\"inLanguage\":\"en-US\"}]}<\/script>\n<!-- \/ Yoast SEO plugin. -->","yoast_head_json":{"title":"BIENVENIDOS - Folegandros Villas - Cyclades Greece - Luxurious Beachfront Villas - Residences","robots":{"index":"index","follow":"follow","max-snippet":"max-snippet:-1","max-image-preview":"max-image-preview:large","max-video-preview":"max-video-preview:-1"},"canonical":"https:\/\/folegandros-villas.com\/fullscreen\/home\/es\/bienvenidos\/","og_locale":"en_US","og_type":"article","og_title":"BIENVENIDOS - Folegandros Villas - Cyclades Greece - Luxurious Beachfront Villas - Residences","og_description":"Conserje En una localidad maravillosa, el lugar del bienvenido no podr\u00eda ser algo diferenteque un espacio que crea la sensaci\u00f3n de estar sobre la cubierta de un crucero.Al su llegar el personal de conserje se espera con un refresco o un caf\u00e9. Conconsejos para ayudarle planear sus d\u00edas en la isla Folegandros, siemprepregunda \u201cque podemos hacer para usted\u201d. Conserje de Folegandros Villas, consejos Somos a su disposici\u00f3n para ofrecerle consejos para ayudarle planear y organizar su viaje. Para hacer su [&hellip;]","og_url":"https:\/\/folegandros-villas.com\/fullscreen\/home\/es\/bienvenidos\/","og_site_name":"Folegandros Villas - Cyclades Greece - Luxurious Beachfront Villas - Residences","article_modified_time":"2015-02-04T07:06:10+00:00","schema":{"@context":"https:\/\/schema.org","@graph":[{"@type":"WebPage","@id":"https:\/\/folegandros-villas.com\/fullscreen\/home\/es\/bienvenidos\/","url":"https:\/\/folegandros-villas.com\/fullscreen\/home\/es\/bienvenidos\/","name":"BIENVENIDOS - Folegandros Villas - Cyclades Greece - Luxurious Beachfront Villas - Residences","isPartOf":{"@id":"https:\/\/folegandros-villas.com\/fullscreen\/home\/#website"},"datePublished":"2015-02-04T07:03:57+00:00","dateModified":"2015-02-04T07:06:10+00:00","breadcrumb":{"@id":"https:\/\/folegandros-villas.com\/fullscreen\/home\/es\/bienvenidos\/#breadcrumb"},"inLanguage":"en-US","potentialAction":[{"@type":"ReadAction","target":["https:\/\/folegandros-villas.com\/fullscreen\/home\/es\/bienvenidos\/"]}]},{"@type":"BreadcrumbList","@id":"https:\/\/folegandros-villas.com\/fullscreen\/home\/es\/bienvenidos\/#breadcrumb","itemListElement":[{"@type":"ListItem","position":1,"name":"Home","item":"https:\/\/folegandros-villas.com\/fullscreen\/home\/el\/homepage\/"},{"@type":"ListItem","position":2,"name":"BIENVENIDOS"}]},{"@type":"WebSite","@id":"https:\/\/folegandros-villas.com\/fullscreen\/home\/#website","url":"https:\/\/folegandros-villas.com\/fullscreen\/home\/","name":"Folegandros Villas - Cyclades Greece - Luxurious Beachfront Villas - Residences","description":"Folegandros Villas - Cyclades Greece - Luxurious Beachfront Villas - Residences","potentialAction":[{"@type":"SearchAction","target":{"@type":"EntryPoint","urlTemplate":"https:\/\/folegandros-villas.com\/fullscreen\/home\/?s={search_term_string}"},"query-input":{"@type":"PropertyValueSpecification","valueRequired":true,"valueName":"search_term_string"}}],"inLanguage":"en-US"}]}},"_links":{"self":[{"href":"https:\/\/folegandros-villas.com\/fullscreen\/home\/wp-json\/wp\/v2\/pages\/1566","targetHints":{"allow":["GET"]}}],"collection":[{"href":"https:\/\/folegandros-villas.com\/fullscreen\/home\/wp-json\/wp\/v2\/pages"}],"about":[{"href":"https:\/\/folegandros-villas.com\/fullscreen\/home\/wp-json\/wp\/v2\/types\/page"}],"author":[{"embeddable":true,"href":"https:\/\/folegandros-villas.com\/fullscreen\/home\/wp-json\/wp\/v2\/users\/1"}],"replies":[{"embeddable":true,"href":"https:\/\/folegandros-villas.com\/fullscreen\/home\/wp-json\/wp\/v2\/comments?post=1566"}],"version-history":[{"count":1,"href":"https:\/\/folegandros-villas.com\/fullscreen\/home\/wp-json\/wp\/v2\/pages\/1566\/revisions"}],"predecessor-version":[{"id":1567,"href":"https:\/\/folegandros-villas.com\/fullscreen\/home\/wp-json\/wp\/v2\/pages\/1566\/revisions\/1567"}],"wp:attachment":[{"href":"https:\/\/folegandros-villas.com\/fullscreen\/home\/wp-json\/wp\/v2\/media?parent=1566"}],"curies":[{"name":"wp","href":"https:\/\/api.w.org\/{rel}","templated":true}]}}