{"id":2637,"date":"2016-12-12T12:13:11","date_gmt":"2016-12-12T12:13:11","guid":{"rendered":"http:\/\/folegandros-villas.com\/?page_id=2637"},"modified":"2017-01-20T10:20:21","modified_gmt":"2017-01-20T10:20:21","slug":"eventos-bodas","status":"publish","type":"page","link":"https:\/\/folegandros-villas.com\/fullscreen\/home\/es\/eventos-bodas\/","title":{"rendered":"EVENTOS BODAS"},"content":{"rendered":"<div class=\"lightbox-shortcode lightbox-shortcode-center\" style=\"margin:0 auto; text-align:center;\"><a data-lightbox=\"magnific-image\" title=\"Wedding\" href=\"https:\/\/folegandros-villas.com\/wp-content\/uploads\/2016\/12\/100-WEDDING-EVENTS-IMG_5919E-LOW-RES.jpg\"><span class=\"shortcode-lightbox-indicate\"><i class=\"fa fa-plus\"><\/i><\/span><img decoding=\"async\" src=\"https:\/\/folegandros-villas.com\/wp-content\/uploads\/2016\/12\/100-WEDDING-EVENTS-IMG_5919E-LOW-RES.jpg\" class=\"is-lightbox \" alt=\"thumbnail\" \/><\/a><\/div>\n<p>&nbsp;<\/p>\n<p><strong>Bodas<\/strong><\/p>\n<p>S\u00f3lo v\u00e1lido en el caso de alquiler privado de todo el complejo tur\u00edstico.<\/p>\n<p><strong>Ceremonia de la boda:<\/strong><\/p>\n<p>Viva su momento personal inspirado por la magia del mar Egeo y el misticismo de la isla de Folegandros, disfrutando de una ceremonia \u00fanica con vista al azul infinito.<\/p>\n<p>Pida nuestra ayuda en lo que respecta al ayuntamiento o la iglesia de su opci\u00f3n.<\/p>\n<div class=\"lightbox-shortcode lightbox-shortcode-center\" style=\"margin:0 auto; text-align:center;\"><a data-lightbox=\"magnific-image\" title=\"Wedding Event\" href=\"https:\/\/folegandros-villas.com\/wp-content\/uploads\/2016\/12\/101-WEDDING-EVENTSIMG_1006F-LOW-RES.jpg\"><span class=\"shortcode-lightbox-indicate\"><i class=\"fa fa-plus\"><\/i><\/span><img decoding=\"async\" src=\"https:\/\/folegandros-villas.com\/wp-content\/uploads\/2016\/12\/101-WEDDING-EVENTSIMG_1006F-LOW-RES.jpg\" class=\"is-lightbox \" alt=\"thumbnail\" \/><\/a><\/div>\n<p>&nbsp;<\/p>\n<div class=\"lightbox-shortcode lightbox-shortcode-center\" style=\"margin:0 auto; text-align:center;\"><a data-lightbox=\"magnific-image\" title=\"Wedding Event\" href=\"https:\/\/folegandros-villas.com\/wp-content\/uploads\/2016\/12\/104-IMG_0886E-LOW-RES-GOOGLE.jpg\"><span class=\"shortcode-lightbox-indicate\"><i class=\"fa fa-plus\"><\/i><\/span><img decoding=\"async\" src=\"https:\/\/folegandros-villas.com\/wp-content\/uploads\/2016\/12\/104-IMG_0886E-LOW-RES-GOOGLE.jpg\" class=\"is-lightbox \" alt=\"thumbnail\" \/><\/a><\/div>\n<p><strong>Banquete de boda:<\/strong><\/p>\n<p>Disfrute de sus momentos m\u00e1gicos con sus seres queridos en nuestros locales.<\/p>\n<p>Cuenta con nuestra experiencia en la organizaci\u00f3n de su boda y pida nuestra ayuda para todos los detalles.<\/p>\n<ul>\n<li>Pre-eventos<\/li>\n<li>Bebida de bienvenida y platos especiales<\/li>\n<li>Fiesta en la piscina<\/li>\n<li>Bar completo abierto<\/li>\n<li>Catering<\/li>\n<li>Alquiler de equipo de sonido y DJ<\/li>\n<li>Fotos y v\u00eddeos<\/li>\n<\/ul>\n<div class=\"lightbox-shortcode lightbox-shortcode-center\" style=\"margin:0 auto; text-align:center;\"><a data-lightbox=\"magnific-image\" title=\"Wedding Event\" href=\"https:\/\/folegandros-villas.com\/wp-content\/uploads\/2016\/12\/102-WEDDING-EVENTSIMG_0986G-LOW-RES.jpg\"><span class=\"shortcode-lightbox-indicate\"><i class=\"fa fa-plus\"><\/i><\/span><img decoding=\"async\" src=\"https:\/\/folegandros-villas.com\/wp-content\/uploads\/2016\/12\/102-WEDDING-EVENTSIMG_0986G-LOW-RES.jpg\" class=\"is-lightbox \" alt=\"thumbnail\" \/><\/a><\/div>\n<p>&nbsp;<\/p>\n<div class=\"lightbox-shortcode lightbox-shortcode-center\" style=\"margin:0 auto; text-align:center;\"><a data-lightbox=\"magnific-image\" title=\"Wedding Event\" href=\"https:\/\/folegandros-villas.com\/wp-content\/uploads\/2016\/12\/103-WEDDING-EVENTS-IMG_0905F-LOW-RESJPG.jpg\"><span class=\"shortcode-lightbox-indicate\"><i class=\"fa fa-plus\"><\/i><\/span><img decoding=\"async\" src=\"https:\/\/folegandros-villas.com\/wp-content\/uploads\/2016\/12\/103-WEDDING-EVENTS-IMG_0905F-LOW-RESJPG.jpg\" class=\"is-lightbox \" alt=\"thumbnail\" \/><\/a><\/div>\n<p>&nbsp;<\/p>\n<div class=\"lightbox-shortcode lightbox-shortcode-center\" style=\"margin:0 auto; text-align:center;\"><a data-lightbox=\"magnific-image\" title=\"Wedding Event\" href=\"https:\/\/folegandros-villas.com\/wp-content\/uploads\/2016\/12\/105-WEDDING-EVENTSIMG_2876F-LOW-RES.jpg\"><span class=\"shortcode-lightbox-indicate\"><i class=\"fa fa-plus\"><\/i><\/span><img decoding=\"async\" src=\"https:\/\/folegandros-villas.com\/wp-content\/uploads\/2016\/12\/105-WEDDING-EVENTSIMG_2876F-LOW-RES.jpg\" class=\"is-lightbox \" alt=\"thumbnail\" \/><\/a><\/div>\n","protected":false},"excerpt":{"rendered":"<p>&nbsp; Bodas S\u00f3lo v\u00e1lido en el caso de alquiler privado de todo el complejo tur\u00edstico. Ceremonia de la boda: Viva su momento personal inspirado por la magia del mar Egeo y el misticismo de la isla de Folegandros, disfrutando de una ceremonia \u00fanica con vista al azul infinito. Pida nuestra ayuda en lo que respecta al ayuntamiento o la iglesia de su opci\u00f3n. &nbsp; Banquete de boda: Disfrute de sus momentos m\u00e1gicos con sus seres queridos en nuestros locales. Cuenta [&hellip;]<\/p>\n","protected":false},"author":2,"featured_media":2703,"parent":0,"menu_order":0,"comment_status":"closed","ping_status":"closed","template":"","meta":{"footnotes":""},"class_list":["post-2637","page","type-page","status-publish","has-post-thumbnail","hentry"],"yoast_head":"<!-- This site is optimized with the Yoast SEO plugin v27.4 - https:\/\/yoast.com\/product\/yoast-seo-wordpress\/ -->\n<title>EVENTOS BODAS - Folegandros Villas - Cyclades Greece - Luxurious Beachfront Villas - Residences<\/title>\n<meta name=\"robots\" content=\"index, follow, max-snippet:-1, max-image-preview:large, max-video-preview:-1\" \/>\n<link rel=\"canonical\" href=\"https:\/\/folegandros-villas.com\/fullscreen\/home\/es\/eventos-bodas\/\" \/>\n<meta property=\"og:locale\" content=\"en_US\" \/>\n<meta property=\"og:type\" content=\"article\" \/>\n<meta property=\"og:title\" content=\"EVENTOS BODAS - Folegandros Villas - Cyclades Greece - Luxurious Beachfront Villas - Residences\" \/>\n<meta property=\"og:description\" content=\"&nbsp; Bodas S\u00f3lo v\u00e1lido en el caso de alquiler privado de todo el complejo tur\u00edstico. Ceremonia de la boda: Viva su momento personal inspirado por la magia del mar Egeo y el misticismo de la isla de Folegandros, disfrutando de una ceremonia \u00fanica con vista al azul infinito. Pida nuestra ayuda en lo que respecta al ayuntamiento o la iglesia de su opci\u00f3n. &nbsp; Banquete de boda: Disfrute de sus momentos m\u00e1gicos con sus seres queridos en nuestros locales. Cuenta [&hellip;]\" \/>\n<meta property=\"og:url\" content=\"https:\/\/folegandros-villas.com\/fullscreen\/home\/es\/eventos-bodas\/\" \/>\n<meta property=\"og:site_name\" content=\"Folegandros Villas - Cyclades Greece - Luxurious Beachfront Villas - Residences\" \/>\n<meta property=\"article:modified_time\" content=\"2017-01-20T10:20:21+00:00\" \/>\n<meta property=\"og:image\" content=\"https:\/\/folegandros-villas.com\/wp-content\/uploads\/2016\/12\/0-IMG_0994D-LOW-RES-1.jpg\" \/>\n\t<meta property=\"og:image:width\" content=\"1920\" \/>\n\t<meta property=\"og:image:height\" content=\"1080\" \/>\n\t<meta property=\"og:image:type\" content=\"image\/jpeg\" \/>\n<meta name=\"twitter:label1\" content=\"Est. reading time\" \/>\n\t<meta name=\"twitter:data1\" content=\"1 minute\" \/>\n<script type=\"application\/ld+json\" class=\"yoast-schema-graph\">{\"@context\":\"https:\\\/\\\/schema.org\",\"@graph\":[{\"@type\":\"WebPage\",\"@id\":\"https:\\\/\\\/folegandros-villas.com\\\/fullscreen\\\/home\\\/es\\\/eventos-bodas\\\/\",\"url\":\"https:\\\/\\\/folegandros-villas.com\\\/fullscreen\\\/home\\\/es\\\/eventos-bodas\\\/\",\"name\":\"EVENTOS BODAS - Folegandros Villas - Cyclades Greece - Luxurious Beachfront Villas - Residences\",\"isPartOf\":{\"@id\":\"https:\\\/\\\/folegandros-villas.com\\\/fullscreen\\\/home\\\/#website\"},\"primaryImageOfPage\":{\"@id\":\"https:\\\/\\\/folegandros-villas.com\\\/fullscreen\\\/home\\\/es\\\/eventos-bodas\\\/#primaryimage\"},\"image\":{\"@id\":\"https:\\\/\\\/folegandros-villas.com\\\/fullscreen\\\/home\\\/es\\\/eventos-bodas\\\/#primaryimage\"},\"thumbnailUrl\":\"https:\\\/\\\/folegandros-villas.com\\\/wp-content\\\/uploads\\\/2016\\\/12\\\/0-IMG_0994D-LOW-RES-1.jpg\",\"datePublished\":\"2016-12-12T12:13:11+00:00\",\"dateModified\":\"2017-01-20T10:20:21+00:00\",\"breadcrumb\":{\"@id\":\"https:\\\/\\\/folegandros-villas.com\\\/fullscreen\\\/home\\\/es\\\/eventos-bodas\\\/#breadcrumb\"},\"inLanguage\":\"en-US\",\"potentialAction\":[{\"@type\":\"ReadAction\",\"target\":[\"https:\\\/\\\/folegandros-villas.com\\\/fullscreen\\\/home\\\/es\\\/eventos-bodas\\\/\"]}]},{\"@type\":\"ImageObject\",\"inLanguage\":\"en-US\",\"@id\":\"https:\\\/\\\/folegandros-villas.com\\\/fullscreen\\\/home\\\/es\\\/eventos-bodas\\\/#primaryimage\",\"url\":\"https:\\\/\\\/folegandros-villas.com\\\/wp-content\\\/uploads\\\/2016\\\/12\\\/0-IMG_0994D-LOW-RES-1.jpg\",\"contentUrl\":\"https:\\\/\\\/folegandros-villas.com\\\/wp-content\\\/uploads\\\/2016\\\/12\\\/0-IMG_0994D-LOW-RES-1.jpg\",\"width\":1920,\"height\":1080},{\"@type\":\"BreadcrumbList\",\"@id\":\"https:\\\/\\\/folegandros-villas.com\\\/fullscreen\\\/home\\\/es\\\/eventos-bodas\\\/#breadcrumb\",\"itemListElement\":[{\"@type\":\"ListItem\",\"position\":1,\"name\":\"Home\",\"item\":\"https:\\\/\\\/folegandros-villas.com\\\/fullscreen\\\/home\\\/el\\\/homepage\\\/\"},{\"@type\":\"ListItem\",\"position\":2,\"name\":\"EVENTOS BODAS\"}]},{\"@type\":\"WebSite\",\"@id\":\"https:\\\/\\\/folegandros-villas.com\\\/fullscreen\\\/home\\\/#website\",\"url\":\"https:\\\/\\\/folegandros-villas.com\\\/fullscreen\\\/home\\\/\",\"name\":\"Folegandros Villas - Cyclades Greece - Luxurious Beachfront Villas - Residences\",\"description\":\"Folegandros Villas - Cyclades Greece - Luxurious Beachfront Villas - Residences\",\"potentialAction\":[{\"@type\":\"SearchAction\",\"target\":{\"@type\":\"EntryPoint\",\"urlTemplate\":\"https:\\\/\\\/folegandros-villas.com\\\/fullscreen\\\/home\\\/?s={search_term_string}\"},\"query-input\":{\"@type\":\"PropertyValueSpecification\",\"valueRequired\":true,\"valueName\":\"search_term_string\"}}],\"inLanguage\":\"en-US\"}]}<\/script>\n<!-- \/ Yoast SEO plugin. -->","yoast_head_json":{"title":"EVENTOS BODAS - Folegandros Villas - Cyclades Greece - Luxurious Beachfront Villas - Residences","robots":{"index":"index","follow":"follow","max-snippet":"max-snippet:-1","max-image-preview":"max-image-preview:large","max-video-preview":"max-video-preview:-1"},"canonical":"https:\/\/folegandros-villas.com\/fullscreen\/home\/es\/eventos-bodas\/","og_locale":"en_US","og_type":"article","og_title":"EVENTOS BODAS - Folegandros Villas - Cyclades Greece - Luxurious Beachfront Villas - Residences","og_description":"&nbsp; Bodas S\u00f3lo v\u00e1lido en el caso de alquiler privado de todo el complejo tur\u00edstico. Ceremonia de la boda: Viva su momento personal inspirado por la magia del mar Egeo y el misticismo de la isla de Folegandros, disfrutando de una ceremonia \u00fanica con vista al azul infinito. Pida nuestra ayuda en lo que respecta al ayuntamiento o la iglesia de su opci\u00f3n. &nbsp; Banquete de boda: Disfrute de sus momentos m\u00e1gicos con sus seres queridos en nuestros locales. Cuenta [&hellip;]","og_url":"https:\/\/folegandros-villas.com\/fullscreen\/home\/es\/eventos-bodas\/","og_site_name":"Folegandros Villas - Cyclades Greece - Luxurious Beachfront Villas - Residences","article_modified_time":"2017-01-20T10:20:21+00:00","og_image":[{"width":1920,"height":1080,"url":"https:\/\/folegandros-villas.com\/wp-content\/uploads\/2016\/12\/0-IMG_0994D-LOW-RES-1.jpg","type":"image\/jpeg"}],"twitter_misc":{"Est. reading time":"1 minute"},"schema":{"@context":"https:\/\/schema.org","@graph":[{"@type":"WebPage","@id":"https:\/\/folegandros-villas.com\/fullscreen\/home\/es\/eventos-bodas\/","url":"https:\/\/folegandros-villas.com\/fullscreen\/home\/es\/eventos-bodas\/","name":"EVENTOS BODAS - Folegandros Villas - Cyclades Greece - Luxurious Beachfront Villas - Residences","isPartOf":{"@id":"https:\/\/folegandros-villas.com\/fullscreen\/home\/#website"},"primaryImageOfPage":{"@id":"https:\/\/folegandros-villas.com\/fullscreen\/home\/es\/eventos-bodas\/#primaryimage"},"image":{"@id":"https:\/\/folegandros-villas.com\/fullscreen\/home\/es\/eventos-bodas\/#primaryimage"},"thumbnailUrl":"https:\/\/folegandros-villas.com\/wp-content\/uploads\/2016\/12\/0-IMG_0994D-LOW-RES-1.jpg","datePublished":"2016-12-12T12:13:11+00:00","dateModified":"2017-01-20T10:20:21+00:00","breadcrumb":{"@id":"https:\/\/folegandros-villas.com\/fullscreen\/home\/es\/eventos-bodas\/#breadcrumb"},"inLanguage":"en-US","potentialAction":[{"@type":"ReadAction","target":["https:\/\/folegandros-villas.com\/fullscreen\/home\/es\/eventos-bodas\/"]}]},{"@type":"ImageObject","inLanguage":"en-US","@id":"https:\/\/folegandros-villas.com\/fullscreen\/home\/es\/eventos-bodas\/#primaryimage","url":"https:\/\/folegandros-villas.com\/wp-content\/uploads\/2016\/12\/0-IMG_0994D-LOW-RES-1.jpg","contentUrl":"https:\/\/folegandros-villas.com\/wp-content\/uploads\/2016\/12\/0-IMG_0994D-LOW-RES-1.jpg","width":1920,"height":1080},{"@type":"BreadcrumbList","@id":"https:\/\/folegandros-villas.com\/fullscreen\/home\/es\/eventos-bodas\/#breadcrumb","itemListElement":[{"@type":"ListItem","position":1,"name":"Home","item":"https:\/\/folegandros-villas.com\/fullscreen\/home\/el\/homepage\/"},{"@type":"ListItem","position":2,"name":"EVENTOS BODAS"}]},{"@type":"WebSite","@id":"https:\/\/folegandros-villas.com\/fullscreen\/home\/#website","url":"https:\/\/folegandros-villas.com\/fullscreen\/home\/","name":"Folegandros Villas - Cyclades Greece - Luxurious Beachfront Villas - Residences","description":"Folegandros Villas - Cyclades Greece - Luxurious Beachfront Villas - Residences","potentialAction":[{"@type":"SearchAction","target":{"@type":"EntryPoint","urlTemplate":"https:\/\/folegandros-villas.com\/fullscreen\/home\/?s={search_term_string}"},"query-input":{"@type":"PropertyValueSpecification","valueRequired":true,"valueName":"search_term_string"}}],"inLanguage":"en-US"}]}},"_links":{"self":[{"href":"https:\/\/folegandros-villas.com\/fullscreen\/home\/wp-json\/wp\/v2\/pages\/2637","targetHints":{"allow":["GET"]}}],"collection":[{"href":"https:\/\/folegandros-villas.com\/fullscreen\/home\/wp-json\/wp\/v2\/pages"}],"about":[{"href":"https:\/\/folegandros-villas.com\/fullscreen\/home\/wp-json\/wp\/v2\/types\/page"}],"author":[{"embeddable":true,"href":"https:\/\/folegandros-villas.com\/fullscreen\/home\/wp-json\/wp\/v2\/users\/2"}],"replies":[{"embeddable":true,"href":"https:\/\/folegandros-villas.com\/fullscreen\/home\/wp-json\/wp\/v2\/comments?post=2637"}],"version-history":[{"count":8,"href":"https:\/\/folegandros-villas.com\/fullscreen\/home\/wp-json\/wp\/v2\/pages\/2637\/revisions"}],"predecessor-version":[{"id":2965,"href":"https:\/\/folegandros-villas.com\/fullscreen\/home\/wp-json\/wp\/v2\/pages\/2637\/revisions\/2965"}],"wp:featuredmedia":[{"embeddable":true,"href":"https:\/\/folegandros-villas.com\/fullscreen\/home\/wp-json\/wp\/v2\/media\/2703"}],"wp:attachment":[{"href":"https:\/\/folegandros-villas.com\/fullscreen\/home\/wp-json\/wp\/v2\/media?parent=2637"}],"curies":[{"name":"wp","href":"https:\/\/api.w.org\/{rel}","templated":true}]}}