{"id":2770,"date":"2016-12-17T19:49:48","date_gmt":"2016-12-17T19:49:48","guid":{"rendered":"http:\/\/folegandros-villas.com\/?page_id=2770"},"modified":"2017-01-20T10:21:25","modified_gmt":"2017-01-20T10:21:25","slug":"eventos-profesionales","status":"publish","type":"page","link":"https:\/\/folegandros-villas.com\/fullscreen\/home\/es\/eventos-profesionales\/","title":{"rendered":"EVENTOS PROFESIONALES &#038; EXPOSICIONES DE ARTE"},"content":{"rendered":"<div class=\"lightbox-shortcode lightbox-shortcode-center\" style=\"margin:0 auto; text-align:center;\"><a data-lightbox=\"magnific-image\" title=\"BUSINESS EVENTS &amp; ART GALLERIES\" href=\"https:\/\/folegandros-villas.com\/wp-content\/uploads\/2016\/12\/100-BUSINESS-EVENTS-ART-GALLERIES-IMG_6009D-LOW-RES.jpg\"><span class=\"shortcode-lightbox-indicate\"><i class=\"fa fa-plus\"><\/i><\/span><img decoding=\"async\" src=\"https:\/\/folegandros-villas.com\/wp-content\/uploads\/2016\/12\/100-BUSINESS-EVENTS-ART-GALLERIES-IMG_6009D-LOW-RES.jpg\" class=\"is-lightbox \" alt=\"thumbnail\" \/><\/a><\/div>\n<p>&nbsp;<\/p>\n<p><strong>Eventos profesionales<\/strong><\/p>\n<p>S\u00f3lo v\u00e1lido en el caso de alquiler privado de todo el complejo tur\u00edstico.<\/p>\n<p>Combine negocios con placer.<\/p>\n<p>Organice su reuni\u00f3n profesional\u00a0 en nuestro lugar y vuelva revitalizado y rejuvenecido.<\/p>\n<p>Confie en nuestro personal dispuesto a atenderle en lo que necesite.<\/p>\n<p>&nbsp;<\/p>\n<div class=\"lightbox-shortcode lightbox-shortcode-center\" style=\"margin:0 auto; text-align:center;\"><a data-lightbox=\"magnific-image\" title=\"EVENTS\" href=\"https:\/\/folegandros-villas.com\/wp-content\/uploads\/2016\/12\/101-BUSINESS-EVENTS-ART-GALLERIESIMG_5957G-LOW-RES.jpg\"><span class=\"shortcode-lightbox-indicate\"><i class=\"fa fa-plus\"><\/i><\/span><img decoding=\"async\" src=\"https:\/\/folegandros-villas.com\/wp-content\/uploads\/2016\/12\/101-BUSINESS-EVENTS-ART-GALLERIESIMG_5957G-LOW-RES.jpg\" class=\"is-lightbox \" alt=\"thumbnail\" \/><\/a><\/div>\n<p>&nbsp;<\/p>\n<p><strong>Exposiciones de arte y eventos de caridad:<\/strong><\/p>\n<p>Con mucho gusto albegaremos sus creaciones art\u00edsticas que desee exhibir a sus invitados en un lugar con vista al mar Egeo.<\/p>\n<p>D\u00e9jese seducir por la inmensidad del archipi\u00e9lago que nuestra propiedad le ofrece generosamente, disfrute de la hospitalidad cicl\u00e1dica y, a trav\u00e9s de su evento, regale a sus invitados una experiencia \u00fanica y inolvidable.<\/p>\n<p>&nbsp;<\/p>\n<div class=\"lightbox-shortcode lightbox-shortcode-center\" style=\"margin:0 auto; text-align:center;\"><a data-lightbox=\"magnific-image\" title=\"EVENTS &amp; ART GALLERIES\" href=\"https:\/\/folegandros-villas.com\/wp-content\/uploads\/2016\/12\/103-BUSINESS-EVENTS-ART-GALLERIES-IMG_5847F-LOW-RES.jpg\"><span class=\"shortcode-lightbox-indicate\"><i class=\"fa fa-plus\"><\/i><\/span><img decoding=\"async\" src=\"https:\/\/folegandros-villas.com\/wp-content\/uploads\/2016\/12\/103-BUSINESS-EVENTS-ART-GALLERIES-IMG_5847F-LOW-RES.jpg\" class=\"is-lightbox \" alt=\"thumbnail\" \/><\/a><\/div>\n<p>&nbsp;<\/p>\n<div class=\"lightbox-shortcode lightbox-shortcode-center\" style=\"margin:0 auto; text-align:center;\"><a data-lightbox=\"magnific-image\" title=\"ART GALLERIES\" href=\"https:\/\/folegandros-villas.com\/wp-content\/uploads\/2016\/12\/102-BUSINESS-EVENTS-ART-GALLERIES-IMG_5898F-LOW-RES.jpg\"><span class=\"shortcode-lightbox-indicate\"><i class=\"fa fa-plus\"><\/i><\/span><img decoding=\"async\" src=\"https:\/\/folegandros-villas.com\/wp-content\/uploads\/2016\/12\/102-BUSINESS-EVENTS-ART-GALLERIES-IMG_5898F-LOW-RES.jpg\" class=\"is-lightbox \" alt=\"thumbnail\" \/><\/a><\/div>\n","protected":false},"excerpt":{"rendered":"<p>&nbsp; Eventos profesionales S\u00f3lo v\u00e1lido en el caso de alquiler privado de todo el complejo tur\u00edstico. Combine negocios con placer. Organice su reuni\u00f3n profesional\u00a0 en nuestro lugar y vuelva revitalizado y rejuvenecido. Confie en nuestro personal dispuesto a atenderle en lo que necesite. &nbsp; &nbsp; Exposiciones de arte y eventos de caridad: Con mucho gusto albegaremos sus creaciones art\u00edsticas que desee exhibir a sus invitados en un lugar con vista al mar Egeo. D\u00e9jese seducir por la inmensidad del archipi\u00e9lago [&hellip;]<\/p>\n","protected":false},"author":3,"featured_media":2759,"parent":0,"menu_order":0,"comment_status":"closed","ping_status":"closed","template":"","meta":{"footnotes":""},"class_list":["post-2770","page","type-page","status-publish","has-post-thumbnail","hentry"],"yoast_head":"<!-- This site is optimized with the Yoast SEO plugin v27.3 - https:\/\/yoast.com\/product\/yoast-seo-wordpress\/ -->\n<title>EVENTOS PROFESIONALES &amp; EXPOSICIONES DE ARTE - Folegandros Villas - Cyclades Greece - Luxurious Beachfront Villas - Residences<\/title>\n<meta name=\"robots\" content=\"index, follow, max-snippet:-1, max-image-preview:large, max-video-preview:-1\" \/>\n<link rel=\"canonical\" href=\"https:\/\/folegandros-villas.com\/fullscreen\/home\/es\/eventos-profesionales\/\" \/>\n<meta property=\"og:locale\" content=\"en_US\" \/>\n<meta property=\"og:type\" content=\"article\" \/>\n<meta property=\"og:title\" content=\"EVENTOS PROFESIONALES &amp; EXPOSICIONES DE ARTE - Folegandros Villas - Cyclades Greece - Luxurious Beachfront Villas - Residences\" \/>\n<meta property=\"og:description\" content=\"&nbsp; Eventos profesionales S\u00f3lo v\u00e1lido en el caso de alquiler privado de todo el complejo tur\u00edstico. Combine negocios con placer. Organice su reuni\u00f3n profesional\u00a0 en nuestro lugar y vuelva revitalizado y rejuvenecido. Confie en nuestro personal dispuesto a atenderle en lo que necesite. &nbsp; &nbsp; Exposiciones de arte y eventos de caridad: Con mucho gusto albegaremos sus creaciones art\u00edsticas que desee exhibir a sus invitados en un lugar con vista al mar Egeo. D\u00e9jese seducir por la inmensidad del archipi\u00e9lago [&hellip;]\" \/>\n<meta property=\"og:url\" content=\"https:\/\/folegandros-villas.com\/fullscreen\/home\/es\/eventos-profesionales\/\" \/>\n<meta property=\"og:site_name\" content=\"Folegandros Villas - Cyclades Greece - Luxurious Beachfront Villas - Residences\" \/>\n<meta property=\"article:modified_time\" content=\"2017-01-20T10:21:25+00:00\" \/>\n<meta property=\"og:image\" content=\"https:\/\/folegandros-villas.com\/wp-content\/uploads\/2016\/12\/0-BUSINESS-EVENTS-ART-GALLERIES-IMG_5895D-LOW-RES.jpg\" \/>\n\t<meta property=\"og:image:width\" content=\"3840\" \/>\n\t<meta property=\"og:image:height\" content=\"2160\" \/>\n\t<meta property=\"og:image:type\" content=\"image\/jpeg\" \/>\n<meta name=\"twitter:label1\" content=\"Est. reading time\" \/>\n\t<meta name=\"twitter:data1\" content=\"1 minute\" \/>\n<script type=\"application\/ld+json\" class=\"yoast-schema-graph\">{\"@context\":\"https:\\\/\\\/schema.org\",\"@graph\":[{\"@type\":\"WebPage\",\"@id\":\"https:\\\/\\\/folegandros-villas.com\\\/fullscreen\\\/home\\\/es\\\/eventos-profesionales\\\/\",\"url\":\"https:\\\/\\\/folegandros-villas.com\\\/fullscreen\\\/home\\\/es\\\/eventos-profesionales\\\/\",\"name\":\"EVENTOS PROFESIONALES & EXPOSICIONES DE ARTE - Folegandros Villas - Cyclades Greece - Luxurious Beachfront Villas - Residences\",\"isPartOf\":{\"@id\":\"https:\\\/\\\/folegandros-villas.com\\\/fullscreen\\\/home\\\/#website\"},\"primaryImageOfPage\":{\"@id\":\"https:\\\/\\\/folegandros-villas.com\\\/fullscreen\\\/home\\\/es\\\/eventos-profesionales\\\/#primaryimage\"},\"image\":{\"@id\":\"https:\\\/\\\/folegandros-villas.com\\\/fullscreen\\\/home\\\/es\\\/eventos-profesionales\\\/#primaryimage\"},\"thumbnailUrl\":\"https:\\\/\\\/folegandros-villas.com\\\/wp-content\\\/uploads\\\/2016\\\/12\\\/0-BUSINESS-EVENTS-ART-GALLERIES-IMG_5895D-LOW-RES.jpg\",\"datePublished\":\"2016-12-17T19:49:48+00:00\",\"dateModified\":\"2017-01-20T10:21:25+00:00\",\"breadcrumb\":{\"@id\":\"https:\\\/\\\/folegandros-villas.com\\\/fullscreen\\\/home\\\/es\\\/eventos-profesionales\\\/#breadcrumb\"},\"inLanguage\":\"en-US\",\"potentialAction\":[{\"@type\":\"ReadAction\",\"target\":[\"https:\\\/\\\/folegandros-villas.com\\\/fullscreen\\\/home\\\/es\\\/eventos-profesionales\\\/\"]}]},{\"@type\":\"ImageObject\",\"inLanguage\":\"en-US\",\"@id\":\"https:\\\/\\\/folegandros-villas.com\\\/fullscreen\\\/home\\\/es\\\/eventos-profesionales\\\/#primaryimage\",\"url\":\"https:\\\/\\\/folegandros-villas.com\\\/wp-content\\\/uploads\\\/2016\\\/12\\\/0-BUSINESS-EVENTS-ART-GALLERIES-IMG_5895D-LOW-RES.jpg\",\"contentUrl\":\"https:\\\/\\\/folegandros-villas.com\\\/wp-content\\\/uploads\\\/2016\\\/12\\\/0-BUSINESS-EVENTS-ART-GALLERIES-IMG_5895D-LOW-RES.jpg\",\"width\":3840,\"height\":2160},{\"@type\":\"BreadcrumbList\",\"@id\":\"https:\\\/\\\/folegandros-villas.com\\\/fullscreen\\\/home\\\/es\\\/eventos-profesionales\\\/#breadcrumb\",\"itemListElement\":[{\"@type\":\"ListItem\",\"position\":1,\"name\":\"Home\",\"item\":\"https:\\\/\\\/folegandros-villas.com\\\/fullscreen\\\/home\\\/el\\\/homepage\\\/\"},{\"@type\":\"ListItem\",\"position\":2,\"name\":\"EVENTOS PROFESIONALES &#038; EXPOSICIONES DE ARTE\"}]},{\"@type\":\"WebSite\",\"@id\":\"https:\\\/\\\/folegandros-villas.com\\\/fullscreen\\\/home\\\/#website\",\"url\":\"https:\\\/\\\/folegandros-villas.com\\\/fullscreen\\\/home\\\/\",\"name\":\"Folegandros Villas - Cyclades Greece - Luxurious Beachfront Villas - Residences\",\"description\":\"Folegandros Villas - Cyclades Greece - Luxurious Beachfront Villas - Residences\",\"potentialAction\":[{\"@type\":\"SearchAction\",\"target\":{\"@type\":\"EntryPoint\",\"urlTemplate\":\"https:\\\/\\\/folegandros-villas.com\\\/fullscreen\\\/home\\\/?s={search_term_string}\"},\"query-input\":{\"@type\":\"PropertyValueSpecification\",\"valueRequired\":true,\"valueName\":\"search_term_string\"}}],\"inLanguage\":\"en-US\"}]}<\/script>\n<!-- \/ Yoast SEO plugin. -->","yoast_head_json":{"title":"EVENTOS PROFESIONALES & EXPOSICIONES DE ARTE - Folegandros Villas - Cyclades Greece - Luxurious Beachfront Villas - Residences","robots":{"index":"index","follow":"follow","max-snippet":"max-snippet:-1","max-image-preview":"max-image-preview:large","max-video-preview":"max-video-preview:-1"},"canonical":"https:\/\/folegandros-villas.com\/fullscreen\/home\/es\/eventos-profesionales\/","og_locale":"en_US","og_type":"article","og_title":"EVENTOS PROFESIONALES & EXPOSICIONES DE ARTE - Folegandros Villas - Cyclades Greece - Luxurious Beachfront Villas - Residences","og_description":"&nbsp; Eventos profesionales S\u00f3lo v\u00e1lido en el caso de alquiler privado de todo el complejo tur\u00edstico. Combine negocios con placer. Organice su reuni\u00f3n profesional\u00a0 en nuestro lugar y vuelva revitalizado y rejuvenecido. Confie en nuestro personal dispuesto a atenderle en lo que necesite. &nbsp; &nbsp; Exposiciones de arte y eventos de caridad: Con mucho gusto albegaremos sus creaciones art\u00edsticas que desee exhibir a sus invitados en un lugar con vista al mar Egeo. D\u00e9jese seducir por la inmensidad del archipi\u00e9lago [&hellip;]","og_url":"https:\/\/folegandros-villas.com\/fullscreen\/home\/es\/eventos-profesionales\/","og_site_name":"Folegandros Villas - Cyclades Greece - Luxurious Beachfront Villas - Residences","article_modified_time":"2017-01-20T10:21:25+00:00","og_image":[{"width":3840,"height":2160,"url":"https:\/\/folegandros-villas.com\/wp-content\/uploads\/2016\/12\/0-BUSINESS-EVENTS-ART-GALLERIES-IMG_5895D-LOW-RES.jpg","type":"image\/jpeg"}],"twitter_misc":{"Est. reading time":"1 minute"},"schema":{"@context":"https:\/\/schema.org","@graph":[{"@type":"WebPage","@id":"https:\/\/folegandros-villas.com\/fullscreen\/home\/es\/eventos-profesionales\/","url":"https:\/\/folegandros-villas.com\/fullscreen\/home\/es\/eventos-profesionales\/","name":"EVENTOS PROFESIONALES & EXPOSICIONES DE ARTE - Folegandros Villas - Cyclades Greece - Luxurious Beachfront Villas - Residences","isPartOf":{"@id":"https:\/\/folegandros-villas.com\/fullscreen\/home\/#website"},"primaryImageOfPage":{"@id":"https:\/\/folegandros-villas.com\/fullscreen\/home\/es\/eventos-profesionales\/#primaryimage"},"image":{"@id":"https:\/\/folegandros-villas.com\/fullscreen\/home\/es\/eventos-profesionales\/#primaryimage"},"thumbnailUrl":"https:\/\/folegandros-villas.com\/wp-content\/uploads\/2016\/12\/0-BUSINESS-EVENTS-ART-GALLERIES-IMG_5895D-LOW-RES.jpg","datePublished":"2016-12-17T19:49:48+00:00","dateModified":"2017-01-20T10:21:25+00:00","breadcrumb":{"@id":"https:\/\/folegandros-villas.com\/fullscreen\/home\/es\/eventos-profesionales\/#breadcrumb"},"inLanguage":"en-US","potentialAction":[{"@type":"ReadAction","target":["https:\/\/folegandros-villas.com\/fullscreen\/home\/es\/eventos-profesionales\/"]}]},{"@type":"ImageObject","inLanguage":"en-US","@id":"https:\/\/folegandros-villas.com\/fullscreen\/home\/es\/eventos-profesionales\/#primaryimage","url":"https:\/\/folegandros-villas.com\/wp-content\/uploads\/2016\/12\/0-BUSINESS-EVENTS-ART-GALLERIES-IMG_5895D-LOW-RES.jpg","contentUrl":"https:\/\/folegandros-villas.com\/wp-content\/uploads\/2016\/12\/0-BUSINESS-EVENTS-ART-GALLERIES-IMG_5895D-LOW-RES.jpg","width":3840,"height":2160},{"@type":"BreadcrumbList","@id":"https:\/\/folegandros-villas.com\/fullscreen\/home\/es\/eventos-profesionales\/#breadcrumb","itemListElement":[{"@type":"ListItem","position":1,"name":"Home","item":"https:\/\/folegandros-villas.com\/fullscreen\/home\/el\/homepage\/"},{"@type":"ListItem","position":2,"name":"EVENTOS PROFESIONALES &#038; EXPOSICIONES DE ARTE"}]},{"@type":"WebSite","@id":"https:\/\/folegandros-villas.com\/fullscreen\/home\/#website","url":"https:\/\/folegandros-villas.com\/fullscreen\/home\/","name":"Folegandros Villas - Cyclades Greece - Luxurious Beachfront Villas - Residences","description":"Folegandros Villas - Cyclades Greece - Luxurious Beachfront Villas - Residences","potentialAction":[{"@type":"SearchAction","target":{"@type":"EntryPoint","urlTemplate":"https:\/\/folegandros-villas.com\/fullscreen\/home\/?s={search_term_string}"},"query-input":{"@type":"PropertyValueSpecification","valueRequired":true,"valueName":"search_term_string"}}],"inLanguage":"en-US"}]}},"_links":{"self":[{"href":"https:\/\/folegandros-villas.com\/fullscreen\/home\/wp-json\/wp\/v2\/pages\/2770","targetHints":{"allow":["GET"]}}],"collection":[{"href":"https:\/\/folegandros-villas.com\/fullscreen\/home\/wp-json\/wp\/v2\/pages"}],"about":[{"href":"https:\/\/folegandros-villas.com\/fullscreen\/home\/wp-json\/wp\/v2\/types\/page"}],"author":[{"embeddable":true,"href":"https:\/\/folegandros-villas.com\/fullscreen\/home\/wp-json\/wp\/v2\/users\/3"}],"replies":[{"embeddable":true,"href":"https:\/\/folegandros-villas.com\/fullscreen\/home\/wp-json\/wp\/v2\/comments?post=2770"}],"version-history":[{"count":10,"href":"https:\/\/folegandros-villas.com\/fullscreen\/home\/wp-json\/wp\/v2\/pages\/2770\/revisions"}],"predecessor-version":[{"id":2966,"href":"https:\/\/folegandros-villas.com\/fullscreen\/home\/wp-json\/wp\/v2\/pages\/2770\/revisions\/2966"}],"wp:featuredmedia":[{"embeddable":true,"href":"https:\/\/folegandros-villas.com\/fullscreen\/home\/wp-json\/wp\/v2\/media\/2759"}],"wp:attachment":[{"href":"https:\/\/folegandros-villas.com\/fullscreen\/home\/wp-json\/wp\/v2\/media?parent=2770"}],"curies":[{"name":"wp","href":"https:\/\/api.w.org\/{rel}","templated":true}]}}