{"id":3296,"date":"2018-06-24T00:12:23","date_gmt":"2018-06-23T21:12:23","guid":{"rendered":"http:\/\/folegandros-villas.com\/fullscreen\/home\/?page_id=3296"},"modified":"2018-06-24T00:12:23","modified_gmt":"2018-06-23T21:12:23","slug":"excursions-privees-en-bateau","status":"publish","type":"page","link":"https:\/\/folegandros-villas.com\/fullscreen\/home\/fr\/excursions-privees-en-bateau\/","title":{"rendered":"EXCURSIONS PRIVEES EN BATEAU"},"content":{"rendered":"<p><strong>Excursions priv\u00e9es en bateau<\/strong><\/p>\n<p style=\"text-align: justify;\">Sur une des \u00eeles les plus \u00e9tonnantes et pittoresques de la mer Eg\u00e9e; \u00e0 la partie sud des Cyclades, au centre de l&#8217;Eg\u00e9e du sud, entour\u00e9e de Milos, Kimolos, Poliaigos, Sifnos, Antiparos, Paros, Sikinos et Santorin, Folegandros ne pourrait qu&#8217;\u00eatre une destination id\u00e9ale pour se r\u00e9jouir et profiter de la mer. Sa ligne c\u00f4ti\u00e8re rec\u00e8le des images fascinantes. Nous vous invitons \u00e0 monter \u00e0 bord sur nos bateaux rapides du centre collaborateur de plong\u00e9e SEA U pour une excursion priv\u00e9e, le long des c\u00f4tes d\u00e9chiquet\u00e9es, des plages extraordinaires et des grottes.<\/p>\n<p style=\"text-align: justify;\">Pour des informations et r\u00e9servations, veuillez appeler au +306942688311 ou au +3022860 41598, ou veuillez utiliser le formulaire de contact.<\/p>\n","protected":false},"excerpt":{"rendered":"<p>Excursions priv\u00e9es en bateau Sur une des \u00eeles les plus \u00e9tonnantes et pittoresques de la mer Eg\u00e9e; \u00e0 la partie sud des Cyclades, au centre de l&#8217;Eg\u00e9e du sud, entour\u00e9e de Milos, Kimolos, Poliaigos, Sifnos, Antiparos, Paros, Sikinos et Santorin, Folegandros ne pourrait qu&#8217;\u00eatre une destination id\u00e9ale pour se r\u00e9jouir et profiter de la mer. Sa ligne c\u00f4ti\u00e8re rec\u00e8le des images fascinantes. Nous vous invitons \u00e0 monter \u00e0 bord sur nos bateaux rapides du centre collaborateur de plong\u00e9e SEA U [&hellip;]<\/p>\n","protected":false},"author":1,"featured_media":0,"parent":0,"menu_order":0,"comment_status":"open","ping_status":"open","template":"","meta":{"footnotes":""},"class_list":["post-3296","page","type-page","status-publish","hentry"],"yoast_head":"<!-- This site is optimized with the Yoast SEO plugin v27.4 - https:\/\/yoast.com\/product\/yoast-seo-wordpress\/ -->\n<title>EXCURSIONS PRIVEES EN BATEAU - Folegandros Villas - Cyclades Greece - Luxurious Beachfront Villas - Residences<\/title>\n<meta name=\"robots\" content=\"index, follow, max-snippet:-1, max-image-preview:large, max-video-preview:-1\" \/>\n<link rel=\"canonical\" href=\"https:\/\/folegandros-villas.com\/fullscreen\/home\/fr\/excursions-privees-en-bateau\/\" \/>\n<meta property=\"og:locale\" content=\"en_US\" \/>\n<meta property=\"og:type\" content=\"article\" \/>\n<meta property=\"og:title\" content=\"EXCURSIONS PRIVEES EN BATEAU - Folegandros Villas - Cyclades Greece - Luxurious Beachfront Villas - Residences\" \/>\n<meta property=\"og:description\" content=\"Excursions priv\u00e9es en bateau Sur une des \u00eeles les plus \u00e9tonnantes et pittoresques de la mer Eg\u00e9e; \u00e0 la partie sud des Cyclades, au centre de l&#8217;Eg\u00e9e du sud, entour\u00e9e de Milos, Kimolos, Poliaigos, Sifnos, Antiparos, Paros, Sikinos et Santorin, Folegandros ne pourrait qu&#8217;\u00eatre une destination id\u00e9ale pour se r\u00e9jouir et profiter de la mer. Sa ligne c\u00f4ti\u00e8re rec\u00e8le des images fascinantes. Nous vous invitons \u00e0 monter \u00e0 bord sur nos bateaux rapides du centre collaborateur de plong\u00e9e SEA U [&hellip;]\" \/>\n<meta property=\"og:url\" content=\"https:\/\/folegandros-villas.com\/fullscreen\/home\/fr\/excursions-privees-en-bateau\/\" \/>\n<meta property=\"og:site_name\" content=\"Folegandros Villas - Cyclades Greece - Luxurious Beachfront Villas - Residences\" \/>\n<meta name=\"twitter:label1\" content=\"Est. reading time\" \/>\n\t<meta name=\"twitter:data1\" content=\"1 minute\" \/>\n<script type=\"application\/ld+json\" class=\"yoast-schema-graph\">{\"@context\":\"https:\\\/\\\/schema.org\",\"@graph\":[{\"@type\":\"WebPage\",\"@id\":\"https:\\\/\\\/folegandros-villas.com\\\/fullscreen\\\/home\\\/fr\\\/excursions-privees-en-bateau\\\/\",\"url\":\"https:\\\/\\\/folegandros-villas.com\\\/fullscreen\\\/home\\\/fr\\\/excursions-privees-en-bateau\\\/\",\"name\":\"EXCURSIONS PRIVEES EN BATEAU - Folegandros Villas - Cyclades Greece - Luxurious Beachfront Villas - Residences\",\"isPartOf\":{\"@id\":\"https:\\\/\\\/folegandros-villas.com\\\/fullscreen\\\/home\\\/#website\"},\"datePublished\":\"2018-06-23T21:12:23+00:00\",\"breadcrumb\":{\"@id\":\"https:\\\/\\\/folegandros-villas.com\\\/fullscreen\\\/home\\\/fr\\\/excursions-privees-en-bateau\\\/#breadcrumb\"},\"inLanguage\":\"en-US\",\"potentialAction\":[{\"@type\":\"ReadAction\",\"target\":[\"https:\\\/\\\/folegandros-villas.com\\\/fullscreen\\\/home\\\/fr\\\/excursions-privees-en-bateau\\\/\"]}]},{\"@type\":\"BreadcrumbList\",\"@id\":\"https:\\\/\\\/folegandros-villas.com\\\/fullscreen\\\/home\\\/fr\\\/excursions-privees-en-bateau\\\/#breadcrumb\",\"itemListElement\":[{\"@type\":\"ListItem\",\"position\":1,\"name\":\"Home\",\"item\":\"https:\\\/\\\/folegandros-villas.com\\\/fullscreen\\\/home\\\/el\\\/homepage\\\/\"},{\"@type\":\"ListItem\",\"position\":2,\"name\":\"EXCURSIONS PRIVEES EN BATEAU\"}]},{\"@type\":\"WebSite\",\"@id\":\"https:\\\/\\\/folegandros-villas.com\\\/fullscreen\\\/home\\\/#website\",\"url\":\"https:\\\/\\\/folegandros-villas.com\\\/fullscreen\\\/home\\\/\",\"name\":\"Folegandros Villas - Cyclades Greece - Luxurious Beachfront Villas - Residences\",\"description\":\"Folegandros Villas - Cyclades Greece - Luxurious Beachfront Villas - Residences\",\"potentialAction\":[{\"@type\":\"SearchAction\",\"target\":{\"@type\":\"EntryPoint\",\"urlTemplate\":\"https:\\\/\\\/folegandros-villas.com\\\/fullscreen\\\/home\\\/?s={search_term_string}\"},\"query-input\":{\"@type\":\"PropertyValueSpecification\",\"valueRequired\":true,\"valueName\":\"search_term_string\"}}],\"inLanguage\":\"en-US\"}]}<\/script>\n<!-- \/ Yoast SEO plugin. -->","yoast_head_json":{"title":"EXCURSIONS PRIVEES EN BATEAU - Folegandros Villas - Cyclades Greece - Luxurious Beachfront Villas - Residences","robots":{"index":"index","follow":"follow","max-snippet":"max-snippet:-1","max-image-preview":"max-image-preview:large","max-video-preview":"max-video-preview:-1"},"canonical":"https:\/\/folegandros-villas.com\/fullscreen\/home\/fr\/excursions-privees-en-bateau\/","og_locale":"en_US","og_type":"article","og_title":"EXCURSIONS PRIVEES EN BATEAU - Folegandros Villas - Cyclades Greece - Luxurious Beachfront Villas - Residences","og_description":"Excursions priv\u00e9es en bateau Sur une des \u00eeles les plus \u00e9tonnantes et pittoresques de la mer Eg\u00e9e; \u00e0 la partie sud des Cyclades, au centre de l&#8217;Eg\u00e9e du sud, entour\u00e9e de Milos, Kimolos, Poliaigos, Sifnos, Antiparos, Paros, Sikinos et Santorin, Folegandros ne pourrait qu&#8217;\u00eatre une destination id\u00e9ale pour se r\u00e9jouir et profiter de la mer. Sa ligne c\u00f4ti\u00e8re rec\u00e8le des images fascinantes. Nous vous invitons \u00e0 monter \u00e0 bord sur nos bateaux rapides du centre collaborateur de plong\u00e9e SEA U [&hellip;]","og_url":"https:\/\/folegandros-villas.com\/fullscreen\/home\/fr\/excursions-privees-en-bateau\/","og_site_name":"Folegandros Villas - Cyclades Greece - Luxurious Beachfront Villas - Residences","twitter_misc":{"Est. reading time":"1 minute"},"schema":{"@context":"https:\/\/schema.org","@graph":[{"@type":"WebPage","@id":"https:\/\/folegandros-villas.com\/fullscreen\/home\/fr\/excursions-privees-en-bateau\/","url":"https:\/\/folegandros-villas.com\/fullscreen\/home\/fr\/excursions-privees-en-bateau\/","name":"EXCURSIONS PRIVEES EN BATEAU - Folegandros Villas - Cyclades Greece - Luxurious Beachfront Villas - Residences","isPartOf":{"@id":"https:\/\/folegandros-villas.com\/fullscreen\/home\/#website"},"datePublished":"2018-06-23T21:12:23+00:00","breadcrumb":{"@id":"https:\/\/folegandros-villas.com\/fullscreen\/home\/fr\/excursions-privees-en-bateau\/#breadcrumb"},"inLanguage":"en-US","potentialAction":[{"@type":"ReadAction","target":["https:\/\/folegandros-villas.com\/fullscreen\/home\/fr\/excursions-privees-en-bateau\/"]}]},{"@type":"BreadcrumbList","@id":"https:\/\/folegandros-villas.com\/fullscreen\/home\/fr\/excursions-privees-en-bateau\/#breadcrumb","itemListElement":[{"@type":"ListItem","position":1,"name":"Home","item":"https:\/\/folegandros-villas.com\/fullscreen\/home\/el\/homepage\/"},{"@type":"ListItem","position":2,"name":"EXCURSIONS PRIVEES EN BATEAU"}]},{"@type":"WebSite","@id":"https:\/\/folegandros-villas.com\/fullscreen\/home\/#website","url":"https:\/\/folegandros-villas.com\/fullscreen\/home\/","name":"Folegandros Villas - Cyclades Greece - Luxurious Beachfront Villas - Residences","description":"Folegandros Villas - Cyclades Greece - Luxurious Beachfront Villas - Residences","potentialAction":[{"@type":"SearchAction","target":{"@type":"EntryPoint","urlTemplate":"https:\/\/folegandros-villas.com\/fullscreen\/home\/?s={search_term_string}"},"query-input":{"@type":"PropertyValueSpecification","valueRequired":true,"valueName":"search_term_string"}}],"inLanguage":"en-US"}]}},"_links":{"self":[{"href":"https:\/\/folegandros-villas.com\/fullscreen\/home\/wp-json\/wp\/v2\/pages\/3296","targetHints":{"allow":["GET"]}}],"collection":[{"href":"https:\/\/folegandros-villas.com\/fullscreen\/home\/wp-json\/wp\/v2\/pages"}],"about":[{"href":"https:\/\/folegandros-villas.com\/fullscreen\/home\/wp-json\/wp\/v2\/types\/page"}],"author":[{"embeddable":true,"href":"https:\/\/folegandros-villas.com\/fullscreen\/home\/wp-json\/wp\/v2\/users\/1"}],"replies":[{"embeddable":true,"href":"https:\/\/folegandros-villas.com\/fullscreen\/home\/wp-json\/wp\/v2\/comments?post=3296"}],"version-history":[{"count":2,"href":"https:\/\/folegandros-villas.com\/fullscreen\/home\/wp-json\/wp\/v2\/pages\/3296\/revisions"}],"predecessor-version":[{"id":3298,"href":"https:\/\/folegandros-villas.com\/fullscreen\/home\/wp-json\/wp\/v2\/pages\/3296\/revisions\/3298"}],"wp:attachment":[{"href":"https:\/\/folegandros-villas.com\/fullscreen\/home\/wp-json\/wp\/v2\/media?parent=3296"}],"curies":[{"name":"wp","href":"https:\/\/api.w.org\/{rel}","templated":true}]}}