{"id":3303,"date":"2018-06-24T00:22:42","date_gmt":"2018-06-23T21:22:42","guid":{"rendered":"http:\/\/folegandros-villas.com\/fullscreen\/home\/?page_id=3303"},"modified":"2018-06-24T00:22:42","modified_gmt":"2018-06-23T21:22:42","slug":"chrysospilia-ressentir-lemerveillement","status":"publish","type":"page","link":"https:\/\/folegandros-villas.com\/fullscreen\/home\/fr\/chrysospilia-ressentir-lemerveillement\/","title":{"rendered":"Chrysospilia ressentir l&#8217;\u00e9merveillement"},"content":{"rendered":"<p><strong>Chrysospilia: ressentir l&#8217;\u00e9merveillement<\/strong><\/p>\n<p style=\"text-align: justify;\">Le coeur de Folegandros se cache bien dans une grotte&#8230;<br \/>\nChrysospilia, la plus grande grotte de la mer Eg\u00e9e, a sa propre histoire riche. Dans les rochers escarp\u00e9s du nord, \u00e0 30 m\u00e8tres au-dessus de la mer, elle renferme ses propres l\u00e9gendes. D&#8217;une vo\u00fbte aux dimensions \u00e9normes, -80 m\u00e8tres de largeur, 60 m\u00e8tres de hauteur, 80 m\u00e8tres de profondeur -, et avec des couloirs secrets formant un labyrinthe de 300 m\u00e8tres, la grotte rec\u00e8le, parmi ses innombrables stalagmites et stalactites, des centaines de trouvailles arch\u00e9ologiques ainsi que des \u00e9critures anciennes datant du 6\u00e8me si\u00e8cle avant J.C. La grotte n&#8217;est pas encore ouverte au public, vu qu&#8217;il s&#8217;agit d&#8217;un site arch\u00e9ologique, mais cela ne nous emp\u00eache pas, sans y entrer, d&#8217;apprendre son histoire et de sentir son pouls.<\/p>\n","protected":false},"excerpt":{"rendered":"<p>Chrysospilia: ressentir l&#8217;\u00e9merveillement Le coeur de Folegandros se cache bien dans une grotte&#8230; Chrysospilia, la plus grande grotte de la mer Eg\u00e9e, a sa propre histoire riche. Dans les rochers escarp\u00e9s du nord, \u00e0 30 m\u00e8tres au-dessus de la mer, elle renferme ses propres l\u00e9gendes. D&#8217;une vo\u00fbte aux dimensions \u00e9normes, -80 m\u00e8tres de largeur, 60 m\u00e8tres de hauteur, 80 m\u00e8tres de profondeur -, et avec des couloirs secrets formant un labyrinthe de 300 m\u00e8tres, la grotte rec\u00e8le, parmi ses innombrables [&hellip;]<\/p>\n","protected":false},"author":1,"featured_media":0,"parent":0,"menu_order":0,"comment_status":"open","ping_status":"open","template":"","meta":{"footnotes":""},"class_list":["post-3303","page","type-page","status-publish","hentry"],"yoast_head":"<!-- This site is optimized with the Yoast SEO plugin v27.4 - https:\/\/yoast.com\/product\/yoast-seo-wordpress\/ -->\n<title>Chrysospilia ressentir l&#039;\u00e9merveillement - Folegandros Villas - Cyclades Greece - Luxurious Beachfront Villas - Residences<\/title>\n<meta name=\"robots\" content=\"index, follow, max-snippet:-1, max-image-preview:large, max-video-preview:-1\" \/>\n<link rel=\"canonical\" href=\"https:\/\/folegandros-villas.com\/fullscreen\/home\/fr\/chrysospilia-ressentir-lemerveillement\/\" \/>\n<meta property=\"og:locale\" content=\"en_US\" \/>\n<meta property=\"og:type\" content=\"article\" \/>\n<meta property=\"og:title\" content=\"Chrysospilia ressentir l&#039;\u00e9merveillement - Folegandros Villas - Cyclades Greece - Luxurious Beachfront Villas - Residences\" \/>\n<meta property=\"og:description\" content=\"Chrysospilia: ressentir l&#8217;\u00e9merveillement Le coeur de Folegandros se cache bien dans une grotte&#8230; Chrysospilia, la plus grande grotte de la mer Eg\u00e9e, a sa propre histoire riche. Dans les rochers escarp\u00e9s du nord, \u00e0 30 m\u00e8tres au-dessus de la mer, elle renferme ses propres l\u00e9gendes. D&#8217;une vo\u00fbte aux dimensions \u00e9normes, -80 m\u00e8tres de largeur, 60 m\u00e8tres de hauteur, 80 m\u00e8tres de profondeur -, et avec des couloirs secrets formant un labyrinthe de 300 m\u00e8tres, la grotte rec\u00e8le, parmi ses innombrables [&hellip;]\" \/>\n<meta property=\"og:url\" content=\"https:\/\/folegandros-villas.com\/fullscreen\/home\/fr\/chrysospilia-ressentir-lemerveillement\/\" \/>\n<meta property=\"og:site_name\" content=\"Folegandros Villas - Cyclades Greece - Luxurious Beachfront Villas - Residences\" \/>\n<meta name=\"twitter:label1\" content=\"Est. reading time\" \/>\n\t<meta name=\"twitter:data1\" content=\"1 minute\" \/>\n<script type=\"application\/ld+json\" class=\"yoast-schema-graph\">{\"@context\":\"https:\\\/\\\/schema.org\",\"@graph\":[{\"@type\":\"WebPage\",\"@id\":\"https:\\\/\\\/folegandros-villas.com\\\/fullscreen\\\/home\\\/fr\\\/chrysospilia-ressentir-lemerveillement\\\/\",\"url\":\"https:\\\/\\\/folegandros-villas.com\\\/fullscreen\\\/home\\\/fr\\\/chrysospilia-ressentir-lemerveillement\\\/\",\"name\":\"Chrysospilia ressentir l'\u00e9merveillement - Folegandros Villas - Cyclades Greece - Luxurious Beachfront Villas - Residences\",\"isPartOf\":{\"@id\":\"https:\\\/\\\/folegandros-villas.com\\\/fullscreen\\\/home\\\/#website\"},\"datePublished\":\"2018-06-23T21:22:42+00:00\",\"breadcrumb\":{\"@id\":\"https:\\\/\\\/folegandros-villas.com\\\/fullscreen\\\/home\\\/fr\\\/chrysospilia-ressentir-lemerveillement\\\/#breadcrumb\"},\"inLanguage\":\"en-US\",\"potentialAction\":[{\"@type\":\"ReadAction\",\"target\":[\"https:\\\/\\\/folegandros-villas.com\\\/fullscreen\\\/home\\\/fr\\\/chrysospilia-ressentir-lemerveillement\\\/\"]}]},{\"@type\":\"BreadcrumbList\",\"@id\":\"https:\\\/\\\/folegandros-villas.com\\\/fullscreen\\\/home\\\/fr\\\/chrysospilia-ressentir-lemerveillement\\\/#breadcrumb\",\"itemListElement\":[{\"@type\":\"ListItem\",\"position\":1,\"name\":\"Home\",\"item\":\"https:\\\/\\\/folegandros-villas.com\\\/fullscreen\\\/home\\\/el\\\/homepage\\\/\"},{\"@type\":\"ListItem\",\"position\":2,\"name\":\"Chrysospilia ressentir l&rsquo;\u00e9merveillement\"}]},{\"@type\":\"WebSite\",\"@id\":\"https:\\\/\\\/folegandros-villas.com\\\/fullscreen\\\/home\\\/#website\",\"url\":\"https:\\\/\\\/folegandros-villas.com\\\/fullscreen\\\/home\\\/\",\"name\":\"Folegandros Villas - Cyclades Greece - Luxurious Beachfront Villas - Residences\",\"description\":\"Folegandros Villas - Cyclades Greece - Luxurious Beachfront Villas - Residences\",\"potentialAction\":[{\"@type\":\"SearchAction\",\"target\":{\"@type\":\"EntryPoint\",\"urlTemplate\":\"https:\\\/\\\/folegandros-villas.com\\\/fullscreen\\\/home\\\/?s={search_term_string}\"},\"query-input\":{\"@type\":\"PropertyValueSpecification\",\"valueRequired\":true,\"valueName\":\"search_term_string\"}}],\"inLanguage\":\"en-US\"}]}<\/script>\n<!-- \/ Yoast SEO plugin. -->","yoast_head_json":{"title":"Chrysospilia ressentir l'\u00e9merveillement - Folegandros Villas - Cyclades Greece - Luxurious Beachfront Villas - Residences","robots":{"index":"index","follow":"follow","max-snippet":"max-snippet:-1","max-image-preview":"max-image-preview:large","max-video-preview":"max-video-preview:-1"},"canonical":"https:\/\/folegandros-villas.com\/fullscreen\/home\/fr\/chrysospilia-ressentir-lemerveillement\/","og_locale":"en_US","og_type":"article","og_title":"Chrysospilia ressentir l'\u00e9merveillement - Folegandros Villas - Cyclades Greece - Luxurious Beachfront Villas - Residences","og_description":"Chrysospilia: ressentir l&#8217;\u00e9merveillement Le coeur de Folegandros se cache bien dans une grotte&#8230; Chrysospilia, la plus grande grotte de la mer Eg\u00e9e, a sa propre histoire riche. Dans les rochers escarp\u00e9s du nord, \u00e0 30 m\u00e8tres au-dessus de la mer, elle renferme ses propres l\u00e9gendes. D&#8217;une vo\u00fbte aux dimensions \u00e9normes, -80 m\u00e8tres de largeur, 60 m\u00e8tres de hauteur, 80 m\u00e8tres de profondeur -, et avec des couloirs secrets formant un labyrinthe de 300 m\u00e8tres, la grotte rec\u00e8le, parmi ses innombrables [&hellip;]","og_url":"https:\/\/folegandros-villas.com\/fullscreen\/home\/fr\/chrysospilia-ressentir-lemerveillement\/","og_site_name":"Folegandros Villas - Cyclades Greece - Luxurious Beachfront Villas - Residences","twitter_misc":{"Est. reading time":"1 minute"},"schema":{"@context":"https:\/\/schema.org","@graph":[{"@type":"WebPage","@id":"https:\/\/folegandros-villas.com\/fullscreen\/home\/fr\/chrysospilia-ressentir-lemerveillement\/","url":"https:\/\/folegandros-villas.com\/fullscreen\/home\/fr\/chrysospilia-ressentir-lemerveillement\/","name":"Chrysospilia ressentir l'\u00e9merveillement - Folegandros Villas - Cyclades Greece - Luxurious Beachfront Villas - Residences","isPartOf":{"@id":"https:\/\/folegandros-villas.com\/fullscreen\/home\/#website"},"datePublished":"2018-06-23T21:22:42+00:00","breadcrumb":{"@id":"https:\/\/folegandros-villas.com\/fullscreen\/home\/fr\/chrysospilia-ressentir-lemerveillement\/#breadcrumb"},"inLanguage":"en-US","potentialAction":[{"@type":"ReadAction","target":["https:\/\/folegandros-villas.com\/fullscreen\/home\/fr\/chrysospilia-ressentir-lemerveillement\/"]}]},{"@type":"BreadcrumbList","@id":"https:\/\/folegandros-villas.com\/fullscreen\/home\/fr\/chrysospilia-ressentir-lemerveillement\/#breadcrumb","itemListElement":[{"@type":"ListItem","position":1,"name":"Home","item":"https:\/\/folegandros-villas.com\/fullscreen\/home\/el\/homepage\/"},{"@type":"ListItem","position":2,"name":"Chrysospilia ressentir l&rsquo;\u00e9merveillement"}]},{"@type":"WebSite","@id":"https:\/\/folegandros-villas.com\/fullscreen\/home\/#website","url":"https:\/\/folegandros-villas.com\/fullscreen\/home\/","name":"Folegandros Villas - Cyclades Greece - Luxurious Beachfront Villas - Residences","description":"Folegandros Villas - Cyclades Greece - Luxurious Beachfront Villas - Residences","potentialAction":[{"@type":"SearchAction","target":{"@type":"EntryPoint","urlTemplate":"https:\/\/folegandros-villas.com\/fullscreen\/home\/?s={search_term_string}"},"query-input":{"@type":"PropertyValueSpecification","valueRequired":true,"valueName":"search_term_string"}}],"inLanguage":"en-US"}]}},"_links":{"self":[{"href":"https:\/\/folegandros-villas.com\/fullscreen\/home\/wp-json\/wp\/v2\/pages\/3303","targetHints":{"allow":["GET"]}}],"collection":[{"href":"https:\/\/folegandros-villas.com\/fullscreen\/home\/wp-json\/wp\/v2\/pages"}],"about":[{"href":"https:\/\/folegandros-villas.com\/fullscreen\/home\/wp-json\/wp\/v2\/types\/page"}],"author":[{"embeddable":true,"href":"https:\/\/folegandros-villas.com\/fullscreen\/home\/wp-json\/wp\/v2\/users\/1"}],"replies":[{"embeddable":true,"href":"https:\/\/folegandros-villas.com\/fullscreen\/home\/wp-json\/wp\/v2\/comments?post=3303"}],"version-history":[{"count":1,"href":"https:\/\/folegandros-villas.com\/fullscreen\/home\/wp-json\/wp\/v2\/pages\/3303\/revisions"}],"predecessor-version":[{"id":3304,"href":"https:\/\/folegandros-villas.com\/fullscreen\/home\/wp-json\/wp\/v2\/pages\/3303\/revisions\/3304"}],"wp:attachment":[{"href":"https:\/\/folegandros-villas.com\/fullscreen\/home\/wp-json\/wp\/v2\/media?parent=3303"}],"curies":[{"name":"wp","href":"https:\/\/api.w.org\/{rel}","templated":true}]}}